{"id":65,"date":"2022-08-01T14:06:57","date_gmt":"2022-08-01T12:06:57","guid":{"rendered":"https:\/\/ce-partners.de\/?page_id=65"},"modified":"2024-10-03T16:18:05","modified_gmt":"2024-10-03T14:18:05","slug":"leistung","status":"publish","type":"page","link":"https:\/\/ce-partners.de\/index.php\/leistung\/","title":{"rendered":"Leistung"},"content":{"rendered":"\n<p><strong>CE-PARTNERS: Ihr Schl\u00fcssel zu innovativen Engineering- und Consulting-L\u00f6sungen<\/strong><\/p>\n\n\n\n<p>Wir unterst\u00fctzen Sie umfassend in der Entwicklung und Programmierung, mit dem Ziel, Ihre Produktinnovationen nicht nur technisch fortschrittlich, sondern auch marktf\u00fchrend zu machen. Mit CE-PARTNERS heben Sie sich vom Wettbewerb ab und meistern die technischen Herausforderungen von morgen.<\/p>\n\n\n\n<h2 class=\"wp-block-heading\"><strong>Consulting<\/strong><\/h2>\n\n\n\n<p>Unsere Consulting-Leistungen im Bereich Elektrik\/Elektronik passen sich Ihren Bed\u00fcrfnissen an \u2013 vom kleinen Supportauftrag bis hin zu kompletten Entwicklungspaketen. Wir sind flexibel und arbeiten sowohl bei Ihnen vor Ort als auch in unseren eigenen B\u00fcros. Dank unserer Erfahrung in den branchenspezifischen Entwicklungssystemen und -Prozessen f\u00fcgen sich unsere Experten nahtlos in Ihre Teams ein und garantieren eine schnelle, effiziente Unterst\u00fctzung. So bleibt Ihr Tagesgesch\u00e4ft stets in Schwung, w\u00e4hrend wir f\u00fcr die Innovation sorgen.<\/p>\n\n\n\n<p><strong>Qualit\u00e4tssicherung<\/strong><\/p>\n\n\n\n<p>Unsere Qualit\u00e4tssicherung ist der Eckpfeiler f\u00fcr den Erfolg Ihrer Projekte. Wir begleiten Sie durch den gesamten Prozess \u2013 vom QM-Coaching f\u00fcr Projektleiter \u00fcber die Einf\u00fchrung von Qualit\u00e4tsstrukturen bis hin zur Durchf\u00fchrung von Reviews und FMEAs. Wir schaffen f\u00fcr Sie klare Strukturen, die sowohl im klassischen als auch im agilen Projektvorgehen f\u00fcr messbare Qualit\u00e4t und Zuverl\u00e4ssigkeit sorgen.<\/p>\n\n\n<div class=\"wp-block-image\">\n<figure class=\"aligncenter size-full\"><img loading=\"lazy\" decoding=\"async\" width=\"266\" height=\"240\" src=\"https:\/\/ce-partners.de\/wp-content\/uploads\/2022\/08\/grafik-3.png\" alt=\"\" class=\"wp-image-76\"\/><\/figure>\n<\/div>\n\n\n<h2 class=\"wp-block-heading\"><strong>Hardware Entwicklung E\/E<\/strong><\/h2>\n\n\n\n<p>Als Partner in der Elektrik- und Elektronikentwicklung bieten wir Ihnen Komplettl\u00f6sungen f\u00fcr Ihre Anlagen- und Fahrzeugprojekte. Beginnend bei der Funktionsdefinition \u00fcber die Steuerung der Lieferanten und die Integration aller Komponenten bis zur Serienreife \u2013 CE-PARTNERS \u00fcbernimmt die volle Systemverantwortung. Durch unser pr\u00e4zises Projektmanagement und die Durchf\u00fchrung von Design-Reviews gew\u00e4hrleisten wir, dass Ihr Projekt reibungslos l\u00e4uft und Sie die technischen Anforderungen effizient erreichen.<\/p>\n\n\n<div class=\"wp-block-image\">\n<figure class=\"aligncenter size-full\"><img loading=\"lazy\" decoding=\"async\" width=\"300\" height=\"270\" src=\"https:\/\/ce-partners.de\/wp-content\/uploads\/2022\/08\/grafik-2.png\" alt=\"\" class=\"wp-image-75\"\/><\/figure>\n<\/div>\n\n\n<h2 class=\"wp-block-heading\"><strong>Entwicklung E-Mobility<\/strong><\/h2>\n\n\n\n<p>Elektromobilit\u00e4t ist die Zukunft, und CE-PARTNERS f\u00fchrt Sie sicher durch diese Entwicklung. Unsere spezialisierten Teams \u00fcbernehmen die Verantwortung f\u00fcr die Elektrik und Elektronik im gesamten E-Fahrzeug \u2013 von der ersten Konzeptphase bis zur Serienproduktion. Dank unserer umfassenden Erfahrung in der Steuerung von Lieferanten, Terminpl\u00e4nen und Qualit\u00e4tsprozessen k\u00f6nnen Sie sicher sein, dass Ihre E-Mobilit\u00e4tsprojekte die h\u00f6chsten Standards erf\u00fcllen und marktbereit sind.<\/p>\n\n\n<div class=\"wp-block-image\">\n<figure class=\"aligncenter size-full\"><img loading=\"lazy\" decoding=\"async\" width=\"300\" height=\"270\" src=\"https:\/\/ce-partners.de\/wp-content\/uploads\/2022\/08\/grafik-1.png\" alt=\"\" class=\"wp-image-74\"\/><\/figure>\n<\/div>\n\n\n<h2 class=\"wp-block-heading\"><strong>Software Entwicklung<\/strong><\/h2>\n\n\n\n<p>Mit unseren Softwarel\u00f6sungen gehen Sie einen Schritt weiter. Unsere Entwickler arbeiten nach der bew\u00e4hrten SCRUM-Methode und programmieren in VBA, C#, VB.NET, PHP sowie HTML &amp; CSS. Ob einfache Effizienztools oder komplexe Datenbanksysteme \u2013 wir liefern L\u00f6sungen, die nicht nur technisch einwandfrei sind, sondern auch Ihre Arbeitsabl\u00e4ufe entscheidend optimieren. Ma\u00dfgeschneidert, zuverl\u00e4ssig und benutzerfreundlich \u2013 das ist CE-PARTNERS Softwareentwicklung.<\/p>\n\n\n<div class=\"wp-block-image\">\n<figure class=\"aligncenter size-full\"><img loading=\"lazy\" decoding=\"async\" width=\"300\" height=\"270\" src=\"https:\/\/ce-partners.de\/wp-content\/uploads\/2022\/08\/grafik.png\" alt=\"\" class=\"wp-image-73\"\/><\/figure>\n<\/div>","protected":false},"excerpt":{"rendered":"<p>CE-PARTNERS: Ihr Schl\u00fcssel zu innovativen Engineering- und Consulting-L\u00f6sungen Wir unterst\u00fctzen Sie umfassend in der Entwicklung und Programmierung, mit dem Ziel, Ihre Produktinnovationen nicht nur technisch fortschrittlich, sondern auch marktf\u00fchrend zu machen. Mit CE-PARTNERS heben Sie sich vom Wettbewerb ab und meistern die technischen Herausforderungen von morgen. Consulting Unsere Consulting-Leistungen im Bereich Elektrik\/Elektronik passen sich Ihren [&hellip;]<\/p>\n","protected":false},"author":1,"featured_media":73,"parent":0,"menu_order":0,"comment_status":"closed","ping_status":"closed","template":"","meta":{"footnotes":""},"class_list":["post-65","page","type-page","status-publish","has-post-thumbnail","hentry"],"_links":{"self":[{"href":"https:\/\/ce-partners.de\/index.php\/wp-json\/wp\/v2\/pages\/65","targetHints":{"allow":["GET"]}}],"collection":[{"href":"https:\/\/ce-partners.de\/index.php\/wp-json\/wp\/v2\/pages"}],"about":[{"href":"https:\/\/ce-partners.de\/index.php\/wp-json\/wp\/v2\/types\/page"}],"author":[{"embeddable":true,"href":"https:\/\/ce-partners.de\/index.php\/wp-json\/wp\/v2\/users\/1"}],"replies":[{"embeddable":true,"href":"https:\/\/ce-partners.de\/index.php\/wp-json\/wp\/v2\/comments?post=65"}],"version-history":[{"count":2,"href":"https:\/\/ce-partners.de\/index.php\/wp-json\/wp\/v2\/pages\/65\/revisions"}],"predecessor-version":[{"id":408,"href":"https:\/\/ce-partners.de\/index.php\/wp-json\/wp\/v2\/pages\/65\/revisions\/408"}],"wp:featuredmedia":[{"embeddable":true,"href":"https:\/\/ce-partners.de\/index.php\/wp-json\/wp\/v2\/media\/73"}],"wp:attachment":[{"href":"https:\/\/ce-partners.de\/index.php\/wp-json\/wp\/v2\/media?parent=65"}],"curies":[{"name":"wp","href":"https:\/\/api.w.org\/{rel}","templated":true}]}}